mmon divisor of 2048288 and 368.
368
What is the highest common factor of 496356 and 756?
84
Calculate the greatest common divisor of 124468 and 2368.
148
Calculate the highest common divisor of 10 and 15945970.
10
Calculate the highest common divisor of 672066 and 198.
18
Calculate the greatest common factor of 504 and 11277.
63
What is the highest common divisor of 947817 and 117?
117
Calculate the highest common divisor of 12695 and 205.
5
Calculate the highest common factor of 2464601 and 457.
457
Calculate the greatest common factor of 199224 and 45.
9
Calculate the greatest common factor of 5620 and 120.
20
Calculate the highest common factor of 592 and 9694.
74
Calculate the highest common factor of 1020 and 3765585.
255
What is the highest common factor of 3686 and 190?
38
Calculate the highest common factor of 65 and 217505.
5
What is the greatest common factor of 231 and 847539?
231
Calculate the highest common factor of 54315 and 595.
85
What is the highest common divisor of 117719 and 7?
7
What is the highest common factor of 15 and 7555605?
15
What is the highest common divisor of 11036 and 65860?
356
Calculate the highest common divisor of 51366 and 1806.
42
Calculate the highest common divisor of 3248 and 77749.
203
Calculate the greatest common factor of 432 and 3088.
16
What is the greatest common divisor of 15 and 94539?
3
What is the highest common divisor of 14161 and 170?
17
What is the highest common divisor of 336088 and 344?
344
Calculate the greatest common factor of 156 and 107136.
12
What is the greatest common factor of 58416 and 42?
6
What is the highest common factor of 234 and 14832?
18
Calculate the greatest common factor of 492204 and 12.
12
What is the greatest common divisor of 936496 and 6732?
748
What is the highest common divisor of 13882 and 3949?
11
Calculate the greatest common factor of 708 and 24060.
12
What is the greatest common divisor of 4949 and 1323?
49
Calculate the highest common divisor of 67 and 1050493.
67
What is the greatest common factor of 262341 and 9?
9
Calculate the highest common divisor of 593151 and 3484.
871
Calculate the greatest common factor of 902 and 1463.
11
What is the highest common factor of 35810 and 40?
10
What is the greatest common divisor of 9891 and 609?
21
Calculate the highest common factor of 763991 and 115.
23
Calculate the highest common factor of 284933 and 22.
11
What is the greatest common divisor of 4043916 and 2?
2
What is the highest common factor of 16500 and 522?
6
Calculate the highest common factor of 1088 and 1952.
32
Calculate the greatest common divisor of 960 and 6870.
30
What is the highest common factor of 374 and 48202?
22
What is the greatest common divisor of 2352 and 254352?
336
Calculate the greatest common divisor of 1232472 and 40.
8
Calculate the highest common factor of 267 and 333483.
267
Calculate the highest common factor of 3961 and 255.
17
What is the greatest common divisor of 112 and 808906?
14
Calculate the highest common divisor of 3300 and 79800.
300
What is the greatest common factor of 49 and 28420?
49
Calculate the greatest common divisor of 33 and 38929.
11
What is the highest common factor of 6960 and 480?
240
Calculate the greatest common factor of 1533 and 5901.
21
What is the highest common divisor of 31755 and 1460?
365
Calculate the greatest common divisor of 7645 and 318032.
1529
Calculate the highest common divisor of 112 and 934.
2
Calculate the greatest common divisor of 54 and 6294.
6
What is the highest common divisor of 2625 and 347375?
875
Calculate the greatest common factor of 783 and 4792743.
783
What is the highest common divisor of 147 and 16305?
3
Calculate the greatest common factor of 8896 and 248.
8
What is the greatest common factor of 116889 and 4418?
47
Calculate the highest common factor of 10404 and 136.
68
Calculate the highest common factor of 988 and 64441.
13
Calculate the greatest common factor of 1152 and 6896.
16
What is the highest common factor of 84224 and 1645?
329
Calculate the greatest common divisor of 2358 and 7758.
18
What is the highest common divisor of 44 and 36388?
44
Calculate the highest common factor of 45761 and 67.
67
Calculate the highest common divisor of 864 and 22248.
216
Calculate the highest common factor of 286216 and 21.
7
What is the highest common factor of 235 and 7943?
47
What is the greatest common divisor of 20090 and 861?
287
What is the highest common divisor of 275 and 495?
55
Calculate the greatest common factor of 136 and 26197.
17
Calculate the highest common factor of 1645 and 12925.
235
Calculate the highest common factor of 126 and 2071125.
63
Calculate the greatest common divisor of 260431 and 1922.
961
Calculate the highest common factor of 5115 and 429.
33
Calculate the highest common factor of 1121 and 12567.
59
What is the highest common factor of 32192 and 16?
16
Calculate the highest common divisor of 43071 and 3809.
293
What is the highest common divisor of 15136 and 128?
32
What is the greatest common factor of 2208306 and 12?
6
Calculate the highest common divisor of 299 and 264329.
13
Calculate the greatest common factor of 1074 and 1166185.
179
What is the greatest common divisor of 19 and 68647?
19
What is the highest common factor of 3250 and 416?
26
What is the greatest common factor of 25433 and 116?
29
What is the highest common divisor of 482 and 858442?
482
What is the highest common divisor of 138 and 96531?
69
What is the highest common divisor of 41082 and 10578?
246
Calculate the highest common factor of 6954 and 11712.
366
What is the greatest common factor of 13419 and 664986?
1491
What is the highest common divisor of 371 and 6625?
53
Calculate the highest common factor of 42721 and 2261.
119
What is the greatest common divisor of 226 and 102943?
113
What is the greatest common factor of 53 and 66197?
53
Calculate the highest common factor of 8 and 147864.
8
What is the greatest common factor of 47672 and 29492?
404
Calculate the highest common divisor of 168400 and 1312.
16
What is the greatest common divisor of 63128 and 16?
8
What is the greatest common divisor of 79952 and 912?
304
What is the highest common factor of 406 and 12412?
58
What is the highest common factor of 68561 and 148?
37
What is the greatest common factor of 321075 and 450?
225
What is the highest common divisor of 576 and 1421856?
288
What is the greatest common divisor of 2146 and 42846?
74
What is the highest common divisor of 255781 and 279?
31
Calculate the greatest common factor of 76 and 3292.
4
Calculate the greatest common factor of 158002 and 11741.
59
What is the highest common divisor of 16 and 296688?
16
What is the highest common factor of 6 and 45093?
3
Calculate the greatest common factor of 19 and 117686.
19
What is the highest common factor of 9792 and 1071?
153
What is the highest common divisor of 216 and 7976?
8
What is the greatest common factor of 13113 and 12141?
9
Calculate the highest common factor of 9282 and 69342.
546
What is the highest common divisor of 3456 and 121728?
384
What is the greatest common divisor of 34920 and 2880?
360
Calculate the highest common divisor of 191320 and 5000.
40
What is the greatest common divisor of 29178 and 176689?
1621
Calculate the greatest common factor of 226 and 1182658.
226
What is the highest common factor of 1812317 and 13?
13
Calculate the highest common divisor of 39 and 3409224.
39
Calculate the highest common factor of 90455 and 12640.
395
Calculate the highest common divisor of 62092 and 172.
172
What is the highest common factor of 5921 and 4898?
31
Calculate the greatest common factor of 491 and 14239.
491
What is the highest common factor of 110105 and 50?
5
What is the greatest common divisor of 3195 and 975?
15
Calculate the highest common factor of 250010 and 920.
230
What is the highest common factor of 44976 and 112?
16
Calculate the greatest common factor of 48 and 3344.
16
What is the greatest common divisor of 1924 and 9028?
148
Calculate the highest common divisor of 493 and 7453.
29
What is the greatest common divisor of 136112 and 17296?
752
What is the greatest common factor of 32 and 120824?
8
What is the greatest common divisor of 4336 and 1296?
16
Calc